-- http://www.phpmyadmin.net
-- 

-- 
-- Database: `enmass`
-- 

-- --------------------------------------------------------

-- 
-- Table structure for table `enmass_access`
-- 

CREATE TABLE `enmass_access` (
  `aid` int(11) NOT NULL auto_increment,
  `mask` varchar(255) NOT NULL default '',
  `type` varchar(255) NOT NULL default '',
  `status` tinyint(4) NOT NULL default '0',
  PRIMARY KEY  (`aid`)
)  ;

-- 
-- Dumping data for table `enmass_access`
-- 


-- --------------------------------------------------------

-- 
-- Table structure for table `enmass_authmap`
-- 

CREATE TABLE `enmass_authmap` (
  `aid` int(10) unsigned NOT NULL auto_increment,
  `uid` int(11) NOT NULL default '0',
  `authname` varchar(128) NOT NULL default '',
  `module` varchar(128) NOT NULL default '',
  PRIMARY KEY  (`aid`),
  UNIQUE KEY `authname` (`authname`)
);

-- 
-- Dumping data for table `enmass_authmap`
-- 


-- --------------------------------------------------------

-- 
-- Table structure for table `enmass_blocks`
-- 

CREATE TABLE `enmass_blocks` (
  `module` varchar(64) NOT NULL default '',
  `delta` varchar(32) NOT NULL default '0',
  `theme` varchar(255) NOT NULL default '',
  `status` tinyint(4) NOT NULL default '0',
  `weight` tinyint(4) NOT NULL default '0',
  `region` varchar(64) NOT NULL default 'left',
  `custom` tinyint(4) NOT NULL default '0',
  `throttle` tinyint(4) NOT NULL default '0',
  `visibility` tinyint(4) NOT NULL default '0',
  `pages` text NOT NULL,
  `title` varchar(64) NOT NULL default ''
);

-- 
-- Dumping data for table `enmass_blocks`
-- 

INSERT INTO `enmass_blocks` VALUES ('simplenews', 'newsletter-1', 'garland', 1, 0, 'right', 0, 0, 0, '', 'Newsletter');
INSERT INTO `enmass_blocks` VALUES ('user', '3', 'garland', 0, 0, '', 0, 0, 0, '', '');
INSERT INTO `enmass_blocks` VALUES ('user', '2', 'garland', 0, 0, '', 0, 0, 0, '', '');
INSERT INTO `enmass_blocks` VALUES ('user', '1', 'garland', 1, 0, 'right', 0, 0, 0, '', '');
INSERT INTO `enmass_blocks` VALUES ('user', '0', 'garland', 1, 0, 'right', 0, 0, 0, '', '');
INSERT INTO `enmass_blocks` VALUES ('node', '0', 'garland', 0, 0, '', 0, 0, 0, '', '');
INSERT INTO `enmass_blocks` VALUES ('menu', '2', 'garland', 0, 0, '', 0, 0, 0, '', '');
INSERT INTO `enmass_blocks` VALUES ('comment', '0', 'garland', 0, 0, '', 0, 0, 0, '', '');
INSERT INTO `enmass_blocks` VALUES ('views', 'comments_recent', 'garland', 0, 0, '', 0, 0, 0, '', '');
INSERT INTO `enmass_blocks` VALUES ('views', 'comments_recent', 'enmass', 0, 0, '', 0, 0, 0, '', '');
INSERT INTO `enmass_blocks` VALUES ('simplenews', 'newsletter-1', 'enmass', 1, 0, 'right', 0, 0, 0, '', '');
INSERT INTO `enmass_blocks` VALUES ('user', '3', 'enmass', 0, 0, '', 0, 0, 0, '', '');
INSERT INTO `enmass_blocks` VALUES ('user', '2', 'enmass', 0, 0, '', 0, 0, 0, '', '');
INSERT INTO `enmass_blocks` VALUES ('user', '1', 'enmass', 1, 0, 'right', 0, 0, 0, '', '');
INSERT INTO `enmass_blocks` VALUES ('user', '0', 'enmass', 0, 0, '', 0, 0, 0, '', '');
INSERT INTO `enmass_blocks` VALUES ('node', '0', 'enmass', 0, 0, '', 0, 0, 0, '', '');
INSERT INTO `enmass_blocks` VALUES ('menu', '2', 'enmass', 0, 0, '', 0, 0, 0, '', '');
INSERT INTO `enmass_blocks` VALUES ('comment', '0', 'enmass', 0, 0, '', 0, 0, 0, '', '');
INSERT INTO `enmass_blocks` VALUES ('block', '1', 'enmass', 1, 10, 'right', 0, 0, 0, '', 'Tunes');

-- --------------------------------------------------------

-- 
-- Table structure for table `enmass_blocks_roles`
-- 

CREATE TABLE `enmass_blocks_roles` (
  `module` varchar(64) NOT NULL,
  `delta` varchar(32) NOT NULL,
  `rid` int(10) unsigned NOT NULL,
  PRIMARY KEY  (`module`,`delta`,`rid`)
);

-- 
-- Dumping data for table `enmass_blocks_roles`
-- 


-- --------------------------------------------------------

-- 
-- Table structure for table `enmass_boxes`
-- 

CREATE TABLE `enmass_boxes` (
  `bid` int(11) NOT NULL auto_increment,
  `body` longtext,
  `info` varchar(128) NOT NULL default '',
  `format` int(11) NOT NULL default '0',
  PRIMARY KEY  (`bid`),
  UNIQUE KEY `info` (`info`)
);

-- 
-- Dumping data for table `enmass_boxes`
-- 

INSERT INTO `enmass_boxes` VALUES (1, '<div align="center">\r\n<!-- START WIMPY PLAYER CODE -->\r\n<object classid="clsid:d27cdb6e-ae6d-11cf-96b8-444553540000" codebase="http://fpdownload.macromedia.com/pub/shockwave/cabs/flash/swflash.cab#version=6,0,47,0" width="243" height="175" id="wimpy4321">\r\n<param name="allowScriptAccess" value="always" />\r\n<param name="movie" value="http://www.equipmentcreative.com/boyer/wimpy.swf" />\r\n<param name="loop" value="false" />\r\n<param name="menu" value="false" />\r\n<param name="quality" value="high" />\r\n<param name="scale" value="noscale" />\r\n<param name="salign" value="lt" />\r\n<param name="bgcolor" value="000000" />\r\n<param name="flashvars" value="wimpyApp=http://www.equipmentcreative.com/boyer/playlist.xml&wimpySkin=http://www.equipmentcreative.com/boyer/skins/skin_bop.xml&startPlayingOnload=yes" />\r\n<param name="wmode" value="transparent" />\r\n<embed src="http://www.equipmentcreative.com/boyer/wimpy.swf" flashvars="wimpyApp=http://www.equipmentcreative.com/boyer/playlist.xml&wimpySkin=http://www.equipmentcreative.com/boyer/skins/skin_bop.xml&startPlayingOnload=yes" loop="false" menu="false" quality="high" wmode="transparent" width="243" height="175" scale="noscale" salign="lt" name="wimpy4321" align="center" bgcolor="000000" allowScriptAccess="always" type="application/x-shockwave-flash" pluginspage="http://www.macromedia.com/go/getflashplayer" />\r\n</object>\r\n<!-- END WIMPY PLAYER CODE -->\r\n                </div>', 'Tunes', 2);

-- --------------------------------------------------------

-- 
-- Table structure for table `enmass_cache`
-- 

CREATE TABLE `enmass_cache` (
  `cid` varchar(255) NOT NULL default '',
  `data` longblob,
  `expire` int(11) NOT NULL default '0',
  `created` int(11) NOT NULL default '0',
  `headers` text,
  PRIMARY KEY  (`cid`),
  KEY `expire` (`expire`)
);

-- 
-- Dumping data for table `enmass_cache`
-- 

INSERT INTO `enmass_cache` VALUES ('variables', 0x613a33333a7b733a31333a227468656d655f64656661756c74223b733a363a22656e6d617373223b733a31333a2266696c7465725f68746d6c5f31223b693a313b733a31383a226e6f64655f6f7074696f6e735f666f72756d223b613a313a7b693a303b733a363a22737461747573223b7d733a31373a226d656e755f7072696d6172795f6d656e75223b693a323b733a31393a226d656e755f7365636f6e646172795f6d656e75223b693a323b733a31353a22696e7374616c6c5f70726f66696c65223b733a373a2264656661756c74223b733a31373a226e6f64655f6f7074696f6e735f70616765223b613a313a7b693a303b733a363a22737461747573223b7d733a31323a22636f6d6d656e745f70616765223b693a303b733a31343a227468656d655f73657474696e6773223b613a313a7b733a32313a22746f67676c655f6e6f64655f696e666f5f70616765223b623a303b7d733a31383a2264727570616c5f707269766174655f6b6579223b733a36343a2234663666613266313830396362333564303161613735396538663736613362333830343961636662643838623835383337393761323330336163366134343362223b733a393a2263726f6e5f6c617374223b693a313230323434353232353b733a31393a2266696c655f6469726563746f72795f74656d70223b733a31323a22443a5c78616d70705c746d70223b733a31393a2266696c655f6469726563746f72795f70617468223b733a31393a2273697465732f64656661756c742f66696c6573223b733a31343a2266696c655f646f776e6c6f616473223b733a313a2231223b733a393a22736974655f6e616d65223b733a363a22454e6d617373223b733a393a22736974655f6d61696c223b733a32353a22726f626c6f6163682b656e6d61737340676d61696c2e636f6d223b733a31313a22736974655f736c6f67616e223b733a303a22223b733a31323a22736974655f6d697373696f6e223b733a303a22223b733a31313a22736974655f666f6f746572223b733a303a22223b733a393a22616e6f6e796d6f7573223b733a353a224775657374223b733a31343a22736974655f66726f6e7470616765223b733a343a226e6f6465223b733a32343a22636f6e746163745f666f726d5f696e666f726d6174696f6e223b733a35333a22596f752063616e206c656176652061206d657373616765207573696e672074686520636f6e7461637420666f726d2062656c6f772e223b733a32343a22636f6e746163745f686f75726c795f7468726573686f6c64223b733a313a2233223b733a32323a22636f6e746163745f64656661756c745f737461747573223b693a303b733a31343a2273696d706c656e6577735f766964223b693a313b733a32373a2273696d706c656e6577735f626c6f636b5f6d5f7374617475735f31223b693a313b733a32303a2273696d706c656e6577735f626c6f636b5f6d5f31223b733a303a22223b733a32303a2273696d706c656e6577735f626c6f636b5f665f31223b693a313b733a32303a2273696d706c656e6577735f626c6f636b5f6c5f31223b693a313b733a32373a2273696d706c656e6577735f626c6f636b5f695f7374617475735f31223b693a303b733a32303a2273696d706c656e6577735f626c6f636b5f695f31223b733a313a2235223b733a32303a2273696d706c656e6577735f626c6f636b5f725f31223b693a313b733a31313a2261646d696e5f7468656d65223b733a373a226761726c616e64223b7d, 0, 1202447407, '');

-- --------------------------------------------------------

-- 
-- Table structure for table `enmass_cache_filter`
-- 

CREATE TABLE `enmass_cache_filter` (
  `cid` varchar(255) NOT NULL default '',
  `data` longblob,
  `expire` int(11) NOT NULL default '0',
  `created` int(11) NOT NULL default '0',
  `headers` text,
  PRIMARY KEY  (`cid`),
  KEY `expire` (`expire`)
);

-- 
-- Dumping data for table `enmass_cache_filter`
-- 

INSERT INTO `enmass_cache_filter` VALUES ('1:cbdb0d6918a8993dfc98feb6f07ff9c9', 0x[encoded data, 5570 characters], 1202532116, 1202445716, '');
INSERT INTO `enmass_cache_filter` VALUES ('1:23446ba33b685a75f4e4b7da90f6f666', 0x[encoded data, 5636 characters], 1202532139, 1202445739, '');
INSERT INTO `enmass_cache_filter` VALUES ('1:311fa9ce410d6b034bbe6730a9f18be5', 0x3c703e48656c6c6f20667269656e64732026616d703b2066616e732c3c2f703e0a3c703e49206d7573742061706f6c6f67697a6520666f7220746865206c617465207570646174652c20492068617665206265656e2065787472656d656c79206275737920696e207468652073747564696f20616e6420444a696e6720616c6c206f7665722074686520776f726c642c20616e642069742069732076657279206368616c6c656e67696e6720666f72206d6520746f206b65657020757020776974682074686520757064617465732e20492068617665206120666577206d696e757465732c20736f206865726520776520676f207769746820746f6e73206f66206e657720696e666f726d6174696f6e2e3c2f703e0a, 1202532181, 1202445781, '');
INSERT INTO `enmass_cache_filter` VALUES ('1:c8cbd4fb06fc4c9c6e7747d4ea33b1d3', 0x3c703e5468697320697320746865206d7573696320706167652e3c2f703e0a, 1202532826, 1202446426, '');
INSERT INTO `enmass_cache_filter` VALUES ('1:3599f2fa5845cdc6171272b991666f48', 0x3c703e54686973206973207468652062696f20706167652e3c2f703e0a, 1202532907, 1202446507, '');

-- --------------------------------------------------------

-- 
-- Table structure for table `enmass_cache_menu`
-- 

CREATE TABLE `enmass_cache_menu` (
  `cid` varchar(255) NOT NULL default '',
  `data` longblob,
  `expire` int(11) NOT NULL default '0',
  `created` int(11) NOT NULL default '0',
  `headers` text,
  PRIMARY KEY  (`cid`),
  KEY `expire` (`expire`)
);

-- 
-- Dumping data for table `enmass_cache_menu`
-- 

INSERT INTO `enmass_cache_menu` VALUES ('1:en', 0x[encoded data, 129444 characters], 1202535987, 1202449587, '');
INSERT INTO `enmass_cache_menu` VALUES ('0:en', 0x[encoded data, 116010 characters], 1202536354, 1202449954, '');

-- --------------------------------------------------------

-- 
-- Table structure for table `enmass_cache_page`
-- 

CREATE TABLE `enmass_cache_page` (
  `cid` varchar(255) character set utf8 collate utf8_bin NOT NULL default '',
  `data` longblob,
  `expire` int(11) NOT NULL default '0',
  `created` int(11) NOT NULL default '0',
  `headers` text,
  PRIMARY KEY  (`cid`),
  KEY `expire` (`expire`)
);

-- 
-- Dumping data for table `enmass_cache_page`
-- 


-- --------------------------------------------------------

-- 
-- Table structure for table `enmass_cache_views`
-- 

CREATE TABLE `enmass_cache_views` (
  `cid` varchar(255) NOT NULL default '',
  `data` longblob,
  `expire` int(11) NOT NULL default '0',
  `created` int(11) NOT NULL default '0',
  `headers` text,
  PRIMARY KEY  (`cid`),
  KEY `expire` (`expire`)
);

-- 
-- Dumping data for table `enmass_cache_views`
-- 

INSERT INTO `enmass_cache_views` VALUES ('views_tables:en', 0x[encoded data, 113896 characters], 0, 1202446452, '');
INSERT INTO `enmass_cache_views` VALUES ('views_default_views:en', 0x[encoded data, 13892 characters], 0, 1202446452, '');
INSERT INTO `enmass_cache_views` VALUES ('views_arguments:en', 0x[encoded data, 9446 characters], 0, 1202446452, '');
INSERT INTO `enmass_cache_views` VALUES ('views_urls', 0x613a323a7b733a393a2266726f6e7470616765223b733a393a2266726f6e7470616765223b733a373a22747261636b6572223b733a373a22747261636b6572223b7d, 0, 1202446452, '');

-- --------------------------------------------------------

-- 
-- Table structure for table `enmass_comments`
-- 

CREATE TABLE `enmass_comments` (
  `cid` int(11) NOT NULL auto_increment,
  `pid` int(11) NOT NULL default '0',
  `nid` int(11) NOT NULL default '0',
  `uid` int(11) NOT NULL default '0',
  `subject` varchar(64) NOT NULL default '',
  `comment` longtext NOT NULL,
  `hostname` varchar(128) NOT NULL default '',
  `timestamp` int(11) NOT NULL default '0',
  `score` mediumint(9) NOT NULL default '0',
  `status` tinyint(3) unsigned NOT NULL default '0',
  `format` int(11) NOT NULL default '0',
  `thread` varchar(255) NOT NULL,
  `users` longtext,
  `name` varchar(60) default NULL,
  `mail` varchar(64) default NULL,
  `homepage` varchar(255) default NULL,
  PRIMARY KEY  (`cid`),
  KEY `lid` (`nid`)
);

-- 
-- Dumping data for table `enmass_comments`
-- 


-- --------------------------------------------------------

-- 
-- Table structure for table `enmass_contact`
-- 

CREATE TABLE `enmass_contact` (
  `cid` int(10) unsigned NOT NULL auto_increment,
  `category` varchar(255) NOT NULL default '',
  `recipients` longtext NOT NULL,
  `reply` longtext NOT NULL,
  `weight` tinyint(4) NOT NULL default '0',
  `selected` tinyint(4) NOT NULL default '0',
  PRIMARY KEY  (`cid`),
  UNIQUE KEY `category` (`category`)
);

-- 
-- Dumping data for table `enmass_contact`
-- 

INSERT INTO `enmass_contact` VALUES (1, 'ENmass', 'robloach+enmass@gmail.com', '', 0, 1);

-- --------------------------------------------------------

-- 
-- Table structure for table `enmass_files`
-- 

CREATE TABLE `enmass_files` (
  `fid` int(10) unsigned NOT NULL default '0',
  `nid` int(10) unsigned NOT NULL default '0',
  `filename` varchar(255) NOT NULL default '',
  `filepath` varchar(255) NOT NULL default '',
  `filemime` varchar(255) NOT NULL default '',
  `filesize` int(10) unsigned NOT NULL default '0',
  PRIMARY KEY  (`fid`),
  KEY `nid` (`nid`)
);

-- 
-- Dumping data for table `enmass_files`
-- 


-- --------------------------------------------------------

-- 
-- Table structure for table `enmass_file_revisions`
-- 

CREATE TABLE `enmass_file_revisions` (
  `fid` int(10) unsigned NOT NULL default '0',
  `vid` int(10) unsigned NOT NULL default '0',
  `description` varchar(255) NOT NULL default '',
  `list` tinyint(3) unsigned NOT NULL default '0',
  PRIMARY KEY  (`fid`,`vid`),
  KEY `vid` (`vid`)
);

-- 
-- Dumping data for table `enmass_file_revisions`
-- 


-- --------------------------------------------------------

-- 
-- Table structure for table `enmass_filters`
-- 

CREATE TABLE `enmass_filters` (
  `format` int(11) NOT NULL default '0',
  `module` varchar(64) NOT NULL default '',
  `delta` tinyint(4) NOT NULL default '0',
  `weight` tinyint(4) NOT NULL default '0',
  KEY `weight` (`weight`)
);

-- 
-- Dumping data for table `enmass_filters`
-- 

INSERT INTO `enmass_filters` VALUES (1, 'filter', 3, 0);
INSERT INTO `enmass_filters` VALUES (1, 'filter', 0, 1);
INSERT INTO `enmass_filters` VALUES (1, 'filter', 2, 2);
INSERT INTO `enmass_filters` VALUES (2, 'filter', 1, 0);
INSERT INTO `enmass_filters` VALUES (3, 'filter', 3, 0);
INSERT INTO `enmass_filters` VALUES (3, 'filter', 2, 1);

-- --------------------------------------------------------

-- 
-- Table structure for table `enmass_filter_formats`
-- 

CREATE TABLE `enmass_filter_formats` (
  `format` int(11) NOT NULL auto_increment,
  `name` varchar(255) NOT NULL default '',
  `roles` varchar(255) NOT NULL default '',
  `cache` tinyint(4) NOT NULL default '0',
  PRIMARY KEY  (`format`),
  UNIQUE KEY `name` (`name`)
);

-- 
-- Dumping data for table `enmass_filter_formats`
-- 

INSERT INTO `enmass_filter_formats` VALUES (1, 'Filtered HTML', ',1,2,', 1);
INSERT INTO `enmass_filter_formats` VALUES (2, 'PHP code', '', 0);
INSERT INTO `enmass_filter_formats` VALUES (3, 'Full HTML', '', 1);

-- --------------------------------------------------------

-- 
-- Table structure for table `enmass_flood`
-- 

CREATE TABLE `enmass_flood` (
  `event` varchar(64) NOT NULL default '',
  `hostname` varchar(128) NOT NULL default '',
  `timestamp` int(11) NOT NULL default '0'
) ;

-- 
-- Dumping data for table `enmass_flood`
-- 


-- --------------------------------------------------------

-- 
-- Table structure for table `enmass_history`
-- 

CREATE TABLE `enmass_history` (
  `uid` int(11) NOT NULL default '0',
  `nid` int(11) NOT NULL default '0',
  `timestamp` int(11) NOT NULL default '0',
  PRIMARY KEY  (`uid`,`nid`)
) ;

-- 
-- Dumping data for table `enmass_history`
-- 

INSERT INTO `enmass_history` VALUES (1, 1, 1202450031);
INSERT INTO `enmass_history` VALUES (1, 2, 1202446795);
INSERT INTO `enmass_history` VALUES (1, 3, 1202446797);

-- --------------------------------------------------------

-- 
-- Table structure for table `enmass_menu`
-- 

CREATE TABLE `enmass_menu` (
  `mid` int(10) unsigned NOT NULL default '0',
  `pid` int(10) unsigned NOT NULL default '0',
  `path` varchar(255) NOT NULL default '',
  `title` varchar(255) NOT NULL default '',
  `description` varchar(255) NOT NULL default '',
  `weight` tinyint(4) NOT NULL default '0',
  `type` int(10) unsigned NOT NULL default '0',
  PRIMARY KEY  (`mid`)
) ;

-- 
-- Dumping data for table `enmass_menu`
-- 

INSERT INTO `enmass_menu` VALUES (2, 0, '', 'Primary links', '', 0, 115);
INSERT INTO `enmass_menu` VALUES (3, 1, 'filter/tips', 'Compose tips', '', 0, 20);
INSERT INTO `enmass_menu` VALUES (4, 1, 'node', 'Content', '', 0, 16);
INSERT INTO `enmass_menu` VALUES (5, 1, 'admin', 'Administer', '', 9, 22);
INSERT INTO `enmass_menu` VALUES (6, 1, 'logout', 'Log out', '', 10, 22);
INSERT INTO `enmass_menu` VALUES (7, 5, 'admin/help', 'Help', '', 9, 22);
INSERT INTO `enmass_menu` VALUES (8, 5, 'admin/content', 'Content management', 'Manage your site''s content.', -10, 22);
INSERT INTO `enmass_menu` VALUES (9, 4, 'node/add', 'Create content', '', 1, 28);
INSERT INTO `enmass_menu` VALUES (10, 5, 'admin/settings', 'Site configuration', 'Adjust basic site configuration options.', -5, 22);
INSERT INTO `enmass_menu` VALUES (11, 5, 'admin/build', 'Site building', 'Control how your site looks and feels.', -10, 22);
INSERT INTO `enmass_menu` VALUES (12, 5, 'admin/logs', 'Logs', 'View system logs and other status information.', 5, 22);
INSERT INTO `enmass_menu` VALUES (13, 5, 'admin/user', 'User management', 'Manage your site''s users, groups and access to site features.', 0, 22);
INSERT INTO `enmass_menu` VALUES (14, 11, 'admin/build/block', 'Blocks', 'Configure what block content appears in your site''s sidebars and other regions.', 0, 22);
INSERT INTO `enmass_menu` VALUES (15, 8, 'admin/content/comment', 'Comments', 'List and edit site comments and the comment moderation queue.', 0, 22);
INSERT INTO `enmass_menu` VALUES (16, 10, 'admin/settings/filters', 'Input formats', 'Configure how content input by users is filtered, including allowed HTML tags, PHP code tags. Also allows enabling of module-provided filters.', 0, 22);
INSERT INTO `enmass_menu` VALUES (17, 11, 'admin/build/menu', 'Menus', 'Control your site''s navigation menu, primary links and secondary links. as well as rename and reorganize menu items.', 0, 22);
INSERT INTO `enmass_menu` VALUES (18, 8, 'admin/content/node', 'Content', 'View, edit, and delete your site''s content.', 0, 22);
INSERT INTO `enmass_menu` VALUES (19, 8, 'admin/content/node-settings', 'Post settings', 'Control posting behavior, such as teaser length, requiring previews before posting, and the number of posts on the front page.', 0, 22);
INSERT INTO `enmass_menu` VALUES (20, 8, 'admin/content/types', 'Content types', 'Manage posts by content type, including default status, front page promotion, etc.', 0, 22);
INSERT INTO `enmass_menu` VALUES (21, 9, 'node/add/page', 'Page', '', 0, 22);
INSERT INTO `enmass_menu` VALUES (22, 9, 'node/add/story', 'Story', '', 0, 22);
INSERT INTO `enmass_menu` VALUES (23, 10, 'admin/settings/admin', 'Administration theme', 'Settings for how your administrative pages should look.', 0, 22);
INSERT INTO `enmass_menu` VALUES (24, 11, 'admin/build/themes', 'Themes', 'Change which theme your site uses or allows users to set.', 0, 22);
INSERT INTO `enmass_menu` VALUES (25, 11, 'admin/build/modules', 'Modules', 'Enable or disable add-on modules for your site.', 0, 22);
INSERT INTO `enmass_menu` VALUES (26, 10, 'admin/settings/site-information', 'Site information', 'Change basic site information, such as the site name, slogan, e-mail address, mission, front page and more.', 0, 22);
INSERT INTO `enmass_menu` VALUES (27, 10, 'admin/settings/error-reporting', 'Error reporting', 'Control how Drupal deals with errors including 403/404 errors as well as PHP error reporting.', 0, 22);
INSERT INTO `enmass_menu` VALUES (28, 10, 'admin/settings/performance', 'Performance', 'Enable or disable page caching for anonymous users, and enable or disable CSS preprocessor.', 0, 22);
INSERT INTO `enmass_menu` VALUES (29, 10, 'admin/settings/file-system', 'File system', 'Tell Drupal where to store uploaded files and how they are accessed.', 0, 22);
INSERT INTO `enmass_menu` VALUES (30, 10, 'admin/settings/image-toolkit', 'Image toolkit', 'Choose which image toolkit to use if you have installed optional toolkits.', 0, 22);
INSERT INTO `enmass_menu` VALUES (31, 8, 'admin/content/rss-publishing', 'RSS publishing', 'Configure the number of items per feed and whether feeds should be titles/teasers/full-text.', 0, 22);
INSERT INTO `enmass_menu` VALUES (32, 10, 'admin/settings/date-time', 'Date and time', 'Settings for how Drupal displays date and time, as well as the system''s default timezone.', 0, 22);
INSERT INTO `enmass_menu` VALUES (33, 10, 'admin/settings/site-maintenance', 'Site maintenance', 'Take the site off-line for maintenance or bring it back online.', 0, 22);
INSERT INTO `enmass_menu` VALUES (34, 10, 'admin/settings/clean-urls', 'Clean URLs', 'Enable or disable clean URLs for your site.', 0, 22);
INSERT INTO `enmass_menu` VALUES (35, 12, 'admin/logs/status', 'Status report', 'Get a status report about your site''s operation and any detected problems.', 10, 22);
INSERT INTO `enmass_menu` VALUES (36, 8, 'admin/content/taxonomy', 'Categories', 'Create vocabularies and terms to categorize your content.', 0, 22);
INSERT INTO `enmass_menu` VALUES (37, 13, 'admin/user/user', 'Users', 'List, add, and edit users.', 0, 22);
INSERT INTO `enmass_menu` VALUES (38, 13, 'admin/user/settings', 'User settings', 'Configure default behavior of users, including registration requirements, e-mails, and user pictures.', 0, 22);
INSERT INTO `enmass_menu` VALUES (39, 13, 'admin/user/access', 'Access control', 'Determine access to features by selecting permissions for roles.', 0, 22);
INSERT INTO `enmass_menu` VALUES (40, 13, 'admin/user/roles', 'Roles', 'List, edit, or add user roles.', 0, 22);
INSERT INTO `enmass_menu` VALUES (41, 13, 'admin/user/rules', 'Access rules', 'List and create rules to disallow usernames, e-mail addresses, and IP addresses.', 0, 22);
INSERT INTO `enmass_menu` VALUES (42, 12, 'admin/logs/watchdog', 'Recent log entries', 'View events that have recently been logged.', -1, 22);
INSERT INTO `enmass_menu` VALUES (43, 12, 'admin/logs/page-not-found', 'Top ''page not found'' errors', 'View ''page not found'' errors (404s).', 0, 22);
INSERT INTO `enmass_menu` VALUES (44, 12, 'admin/logs/access-denied', 'Top ''access denied'' errors', 'View ''access denied'' errors (403s).', 0, 22);
INSERT INTO `enmass_menu` VALUES (45, 11, 'admin/build/views', 'Views', 'Views are customized lists of content on your system; they are highly configurable and give you control over how lists of content are presented.', 0, 22);
INSERT INTO `enmass_menu` VALUES (46, 1, 'tracker', 'Recent posts', '', 0, 48);
INSERT INTO `enmass_menu` VALUES (47, 11, 'admin/build/contact', 'Contact form', 'Create a system contact form and set up categories for the form to use.', 0, 22);
INSERT INTO `enmass_menu` VALUES (48, 2, 'contact', 'Contact', '', 10, 54);
INSERT INTO `enmass_menu` VALUES (49, 9, 'node/add/simplenews', 'Newsletter issue', '', 0, 22);
INSERT INTO `enmass_menu` VALUES (50, 8, 'admin/content/newsletters', 'Newsletters', 'Manage newsletters, subscriptions, and configuration options.', 0, 22);
INSERT INTO `enmass_menu` VALUES (51, 11, 'admin/build/path', 'URL aliases', 'Change your site''s URL paths by aliasing them.', 0, 22);
INSERT INTO `enmass_menu` VALUES (52, 2, 'node/2', 'Music', '', 0, 118);
INSERT INTO `enmass_menu` VALUES (53, 2, 'node/3', 'Bio', '', 3, 118);
INSERT INTO `enmass_menu` VALUES (54, 2, '<front>', 'News', '', -9, 118);

-- --------------------------------------------------------

-- 
-- Table structure for table `enmass_node`
-- 

CREATE TABLE `enmass_node` (
  `nid` int(10) unsigned NOT NULL auto_increment,
  `vid` int(10) unsigned NOT NULL default '0',
  `type` varchar(32) NOT NULL default '',
  `title` varchar(128) NOT NULL default '',
  `uid` int(11) NOT NULL default '0',
  `status` int(11) NOT NULL default '1',
  `created` int(11) NOT NULL default '0',
  `changed` int(11) NOT NULL default '0',
  `comment` int(11) NOT NULL default '0',
  `promote` int(11) NOT NULL default '0',
  `moderate` int(11) NOT NULL default '0',
  `sticky` int(11) NOT NULL default '0',
  PRIMARY KEY  (`nid`,`vid`),
  UNIQUE KEY `vid` (`vid`),
  KEY `node_type` (`type`(4)),
  KEY `node_title_type` (`title`,`type`(4)),
  KEY `status` (`status`),
  KEY `uid` (`uid`),
  KEY `node_moderate` (`moderate`),
  KEY `node_promote_status` (`promote`,`status`),
  KEY `node_created` (`created`),
  KEY `node_changed` (`changed`),
  KEY `node_status_type` (`status`,`type`,`nid`),
  KEY `nid` (`nid`)
)  ;

-- 
-- Dumping data for table `enmass_node`
-- 

INSERT INTO `enmass_node` VALUES (1, 1, 'story', 'Update', 1, 1, 1202445716, 1202445739, 2, 1, 0, 0);
INSERT INTO `enmass_node` VALUES (2, 2, 'page', 'Music', 1, 1, 1202446426, 1202446479, 0, 0, 0, 0);
INSERT INTO `enmass_node` VALUES (3, 3, 'page', 'Bio', 1, 1, 1202446507, 1202446538, 0, 0, 0, 0);

-- --------------------------------------------------------

-- 
-- Table structure for table `enmass_node_access`
-- 

CREATE TABLE `enmass_node_access` (
  `nid` int(10) unsigned NOT NULL default '0',
  `gid` int(10) unsigned NOT NULL default '0',
  `realm` varchar(255) NOT NULL default '',
  `grant_view` tinyint(3) unsigned NOT NULL default '0',
  `grant_update` tinyint(3) unsigned NOT NULL default '0',
  `grant_delete` tinyint(3) unsigned NOT NULL default '0',
  PRIMARY KEY  (`nid`,`gid`,`realm`)
) ;

-- 
-- Dumping data for table `enmass_node_access`
-- 

INSERT INTO `enmass_node_access` VALUES (0, 0, 'all', 1, 0, 0);

-- --------------------------------------------------------

-- 
-- Table structure for table `enmass_node_comment_statistics`
-- 

CREATE TABLE `enmass_node_comment_statistics` (
  `nid` int(10) unsigned NOT NULL auto_increment,
  `last_comment_timestamp` int(11) NOT NULL default '0',
  `last_comment_name` varchar(60) default NULL,
  `last_comment_uid` int(11) NOT NULL default '0',
  `comment_count` int(10) unsigned NOT NULL default '0',
  PRIMARY KEY  (`nid`),
  KEY `node_comment_timestamp` (`last_comment_timestamp`)
)  ;

-- 
-- Dumping data for table `enmass_node_comment_statistics`
-- 

INSERT INTO `enmass_node_comment_statistics` VALUES (1, 1202445716, NULL, 1, 0);
INSERT INTO `enmass_node_comment_statistics` VALUES (2, 1202446426, NULL, 1, 0);
INSERT INTO `enmass_node_comment_statistics` VALUES (3, 1202446507, NULL, 1, 0);

-- --------------------------------------------------------

-- 
-- Table structure for table `enmass_node_counter`
-- 

CREATE TABLE `enmass_node_counter` (
  `nid` int(11) NOT NULL default '0',
  `totalcount` bigint(20) unsigned NOT NULL default '0',
  `daycount` mediumint(8) unsigned NOT NULL default '0',
  `timestamp` int(10) unsigned NOT NULL default '0',
  PRIMARY KEY  (`nid`),
  KEY `totalcount` (`totalcount`),
  KEY `daycount` (`daycount`),
  KEY `timestamp` (`timestamp`)
) ;

-- 
-- Dumping data for table `enmass_node_counter`
-- 


-- --------------------------------------------------------

-- 
-- Table structure for table `enmass_node_revisions`
-- 

CREATE TABLE `enmass_node_revisions` (
  `nid` int(10) unsigned NOT NULL,
  `vid` int(10) unsigned NOT NULL,
  `uid` int(11) NOT NULL default '0',
  `title` varchar(128) NOT NULL default '',
  `body` longtext NOT NULL,
  `teaser` longtext NOT NULL,
  `log` longtext NOT NULL,
  `timestamp` int(11) NOT NULL default '0',
  `format` int(11) NOT NULL default '0',
  PRIMARY KEY  (`vid`),
  KEY `nid` (`nid`),
  KEY `uid` (`uid`)
) ;

-- 
-- Dumping data for table `enmass_node_revisions`
-- 

INSERT INTO `enmass_node_revisions` VALUES (1, 1, 1, 'Update', 'Hello friends & fans,\r\n\r\nI must apologize for the late update, I have been extremely busy in the studio and DJing all over the world, and it is very challenging for me to keep up with the updates. I have a few minutes, so here we go with tons of new information.\r\n\r\nFirst, I want to thank all of you who are listening, supporting, playing “Stemcell” – Randy Boyer & Eric Tadla. This tune has been a massive success and is being hammered by all the biggest DJ’s Armin Van Buuren, Tiesto, Ferry Corsten, Markus Schulz, Matt Darey just to name a few. This tune is also featured on Ferry’s massive hit CD compilation “Dance Valley 07”. This tune is release on Ferry Corsten’s world-renowned label “Flashover” and if you don’t have it, it’s on my player on the right hand side of this page. If you want to buy it, just click the banner to the right of the page, and it will send you to Beatport where you can get it.\r\n\r\nEric and I have been extremely busy in the studio if you can’t tell. Our second release on [Flashover] “Alive” will be coming out sometime in early 08. This tune is going to be MASSIVE! This track is an anthem for 2008 with the vocals of my good friend Dan Sanfilippo. You might just catch a glimpse of it if you are a Ferry Corsten fan, looks like he will be testing it out in December. ? Also Eric and I just finished up a wicked nice remix of the classic tune “Everytime” by Lustral. Armin Van Buuren, Markus Schulz and several other djs are supporting this tune as well. Don’t worry, since it is a bootleg mix that we did, I will be giving it out exclusively to my newsletter subscribers in a few weeks. If you are subscribed to the newsletter you know what I’m talking about. If you are not signed up for my newsletter, I would advise to do so now. It’s FREE, and I have a secrets page exclusively for my friends and fans that are signed up. It has a few bootleg remixes that you can only get on this page. I also finished up a remix for my good friends Heatbeat, the tune is called “Protoculture” (Randy Boyer Mix). This tune is all ready supported by several djs Armin, Markus Schulz, Matt Darey, Solarstone ext. This tune will be released this month (Nov. 07) and can also be found on Beatport.com.\r\n\r\nLast thing. Eric and I have several new tunes we are finishing up, I mean almost an album worth. We are looking for homes for these tunes, so if any labels are checking this out, or you know some serious label reps, let them know we have some BOMB as music. I also have a few gigs coming up, so I hope to see you out. Feel free to post your questions or anything else you want to talk about on my Forum, it’s up and working properly now ?. Thanks again everyone for all the support, I hope to see you all very soon!', 'Hello friends & fans,\r\n\r\nI must apologize for the late update, I have been extremely busy in the studio and DJing all over the world, and it is very challenging for me to keep up with the updates. I have a few minutes, so here we go with tons of new information.\r\n\r', '', 1202445739, 1);
INSERT INTO `enmass_node_revisions` VALUES (2, 2, 1, 'Music', 'This is the music page.', 'This is the music page.', '', 1202446479, 1);
INSERT INTO `enmass_node_revisions` VALUES (3, 3, 1, 'Bio', 'This is the bio page.', 'This is the bio page.', '', 1202446538, 1);

-- --------------------------------------------------------

-- 
-- Table structure for table `enmass_node_type`
-- 

CREATE TABLE `enmass_node_type` (
  `type` varchar(32) NOT NULL,
  `name` varchar(255) NOT NULL default '',
  `module` varchar(255) NOT NULL,
  `description` mediumtext NOT NULL,
  `help` mediumtext NOT NULL,
  `has_title` tinyint(3) unsigned NOT NULL,
  `title_label` varchar(255) NOT NULL default '',
  `has_body` tinyint(3) unsigned NOT NULL,
  `body_label` varchar(255) NOT NULL default '',
  `min_word_count` smallint(5) unsigned NOT NULL,
  `custom` tinyint(4) NOT NULL default '0',
  `modified` tinyint(4) NOT NULL default '0',
  `locked` tinyint(4) NOT NULL default '0',
  `orig_type` varchar(255) NOT NULL default '',
  PRIMARY KEY  (`type`)
) ;

-- 
-- Dumping data for table `enmass_node_type`
-- 

INSERT INTO `enmass_node_type` VALUES ('page', 'Page', 'node', 'If you want to add a static page, like a contact page or an about page, use a page.', '', 1, 'Title', 1, 'Body', 0, 1, 1, 0, 'page');
INSERT INTO `enmass_node_type` VALUES ('story', 'Story', 'node', 'Stories are articles in their simplest form: they have a title, a teaser and a body, but can be extended by other modules. The teaser is part of the body too. Stories may be used as a personal blog or for news articles.', '', 1, 'Title', 1, 'Body', 0, 1, 1, 0, 'story');
INSERT INTO `enmass_node_type` VALUES ('simplenews', 'Newsletter issue', 'simplenews', 'Create a newsletter issue to be sent to subscribed e-mail addresses.', '', 1, 'Title', 1, 'Body', 0, 0, 0, 1, 'simplenews');

-- --------------------------------------------------------

-- 
-- Table structure for table `enmass_permission`
-- 

CREATE TABLE `enmass_permission` (
  `rid` int(10) unsigned NOT NULL default '0',
  `perm` longtext,
  `tid` int(10) unsigned NOT NULL default '0',
  KEY `rid` (`rid`)
) ;

-- 
-- Dumping data for table `enmass_permission`
-- 

INSERT INTO `enmass_permission` VALUES (1, 'access comments, post comments, access site-wide contact form, access content, subscribe to newsletters', 0);
INSERT INTO `enmass_permission` VALUES (2, 'access comments, post comments, post comments without approval, access site-wide contact form, access content, subscribe to newsletters', 0);
INSERT INTO `enmass_permission` VALUES (3, 'access comments, administer comments, post comments, post comments without approval, access site-wide contact form, access content, edit own page content, edit own story content, edit page content, edit story content, create url aliases, administer newsletters, create newsletter, edit own newsletter, send newsletter, subscribe to newsletters, access administration pages, administer site configuration, access user profiles, administer users, change own username', 0);

-- --------------------------------------------------------

-- 
-- Table structure for table `enmass_role`
-- 

CREATE TABLE `enmass_role` (
  `rid` int(10) unsigned NOT NULL auto_increment,
  `name` varchar(64) NOT NULL default '',
  PRIMARY KEY  (`rid`),
  UNIQUE KEY `name` (`name`)
)  ;

-- 
-- Dumping data for table `enmass_role`
-- 

INSERT INTO `enmass_role` VALUES (1, 'anonymous user');
INSERT INTO `enmass_role` VALUES (2, 'authenticated user');
INSERT INTO `enmass_role` VALUES (3, 'Administrator');

-- --------------------------------------------------------

-- 
-- Table structure for table `enmass_sequences`
-- 

CREATE TABLE `enmass_sequences` (
  `name` varchar(255) NOT NULL default '',
  `id` int(10) unsigned NOT NULL default '0',
  PRIMARY KEY  (`name`)
) ;

-- 
-- Dumping data for table `enmass_sequences`
-- 

INSERT INTO `enmass_sequences` VALUES ('enmass_users_uid', 2);
INSERT INTO `enmass_sequences` VALUES ('enmass_menu_mid', 54);
INSERT INTO `enmass_sequences` VALUES ('enmass_node_nid', 3);
INSERT INTO `enmass_sequences` VALUES ('enmass_node_revisions_vid', 3);
INSERT INTO `enmass_sequences` VALUES ('enmass_vocabulary_vid', 1);
INSERT INTO `enmass_sequences` VALUES ('enmass_term_data_tid', 1);

-- --------------------------------------------------------

-- 
-- Table structure for table `enmass_sessions`
-- 

CREATE TABLE `enmass_sessions` (
  `uid` int(10) unsigned NOT NULL,
  `sid` varchar(64) NOT NULL default '',
  `hostname` varchar(128) NOT NULL default '',
  `timestamp` int(11) NOT NULL default '0',
  `cache` int(11) NOT NULL default '0',
  `session` longtext,
  PRIMARY KEY  (`sid`),
  KEY `uid` (`uid`),
  KEY `timestamp` (`timestamp`)
) ;

-- 
-- Dumping data for table `enmass_sessions`
-- 

INSERT INTO `enmass_sessions` VALUES (1, '95cb307b726ff3573d0419c2bb3ca4f0', '127.0.0.1', 1202450031, 0, 'form|a:8:{s:32:"f0cce9dd276211dc6e9bb480d5e96935";a:2:{s:9:"timestamp";i:1202445520;s:4:"args";a:1:{i:0;s:14:"system_modules";}}s:32:"2cb2d380bd7bdd79ed630d090ba2b440";a:2:{s:9:"timestamp";i:1202445529;s:4:"args";a:1:{i:0;s:14:"system_modules";}}s:32:"cdc07ffc0848920a77bafd090e021c8f";a:2:{s:9:"timestamp";i:1202445551;s:4:"args";a:1:{i:0;s:14:"system_modules";}}s:32:"5fda171a232596eb99fc33d26f5415c5";a:2:{s:9:"timestamp";i:1202445560;s:4:"args";a:1:{i:0;s:14:"system_modules";}}s:32:"4e39cb90a00e6283ad58e97e15e7b208";a:2:{s:9:"timestamp";i:1202445835;s:4:"args";a:1:{i:0;s:14:"system_modules";}}s:32:"0dde7d519db78bf255a8c7f8772c4913";a:2:{s:9:"timestamp";i:1202445846;s:4:"args";a:1:{i:0;s:14:"system_modules";}}s:32:"ba64078fa8d1634779b0a63d6b6401b9";a:2:{s:9:"timestamp";i:1202446443;s:4:"args";a:1:{i:0;s:14:"system_modules";}}s:32:"248d4f23f2fdfc9562aa7f0dabcfa047";a:2:{s:9:"timestamp";i:1202446452;s:4:"args";a:1:{i:0;s:14:"system_modules";}}}simplenews_subscriptions_filter|a:2:{s:10:"newsletter";s:3:"all";s:5:"email";s:0:"";}user_overview_filter|a:0:{}');
INSERT INTO `enmass_sessions` VALUES (0, 'b70f68fe6b195e114a5e67d5bab0bcce', '127.0.0.1', 1202449972, 0, '');

-- --------------------------------------------------------

-- 
-- Table structure for table `enmass_simplenews_newsletters`
-- 

CREATE TABLE `enmass_simplenews_newsletters` (
  `nid` int(10) NOT NULL default '0',
  `tid` int(10) NOT NULL default '0',
  `s_status` int(2) NOT NULL default '0',
  `s_format` varchar(8) NOT NULL default '',
  `priority` int(2) NOT NULL default '0',
  `receipt` int(2) NOT NULL default '0',
  PRIMARY KEY  (`nid`)
) ;

-- 
-- Dumping data for table `enmass_simplenews_newsletters`
-- 


-- --------------------------------------------------------

-- 
-- Table structure for table `enmass_simplenews_snid_tid`
-- 

CREATE TABLE `enmass_simplenews_snid_tid` (
  `snid` int(10) NOT NULL default '0',
  `tid` int(10) NOT NULL default '0',
  PRIMARY KEY  (`snid`,`tid`)
) ;

-- 
-- Dumping data for table `enmass_simplenews_snid_tid`
-- 

INSERT INTO `enmass_simplenews_snid_tid` VALUES (1, 1);

-- --------------------------------------------------------

-- 
-- Table structure for table `enmass_simplenews_subscriptions`
-- 

CREATE TABLE `enmass_simplenews_subscriptions` (
  `snid` int(10) NOT NULL auto_increment,
  `a_status` int(2) NOT NULL default '0',
  `s_status` int(2) NOT NULL default '0',
  `mail` varchar(64) NOT NULL default '',
  `uid` int(10) NOT NULL default '0',
  PRIMARY KEY  (`snid`),
  KEY `mail` (`mail`)
)  ;

-- 
-- Dumping data for table `enmass_simplenews_subscriptions`
-- 

INSERT INTO `enmass_simplenews_subscriptions` VALUES (1, 1, 0, 'robloach+enmass@gmail.com', 1);

-- --------------------------------------------------------

-- 
-- Table structure for table `enmass_system`
-- 

CREATE TABLE `enmass_system` (
  `filename` varchar(255) NOT NULL default '',
  `name` varchar(255) NOT NULL default '',
  `type` varchar(255) NOT NULL default '',
  `description` varchar(255) NOT NULL default '',
  `status` int(11) NOT NULL default '0',
  `throttle` tinyint(4) NOT NULL default '0',
  `bootstrap` int(11) NOT NULL default '0',
  `schema_version` smallint(6) NOT NULL default '-1',
  `weight` int(11) NOT NULL default '0',
  PRIMARY KEY  (`filename`),
  KEY `weight` (`weight`)
) ;

-- 
-- Dumping data for table `enmass_system`
-- 

INSERT INTO `enmass_system` VALUES ('modules/system/system.module', 'system', 'module', 'Handles general site configuration for administrators.', 1, 0, 0, 1022, 0);
INSERT INTO `enmass_system` VALUES ('modules/aggregator/aggregator.module', 'aggregator', 'module', 'Aggregates syndicated content (RSS, RDF, and Atom feeds).', 0, 0, 0, -1, 0);
INSERT INTO `enmass_system` VALUES ('modules/block/block.module', 'block', 'module', 'Controls the boxes that are displayed around the main content.', 1, 0, 0, 0, 0);
INSERT INTO `enmass_system` VALUES ('modules/blog/blog.module', 'blog', 'module', 'Enables keeping easily and regularly updated user web pages or blogs.', 0, 0, 0, -1, 0);
INSERT INTO `enmass_system` VALUES ('modules/blogapi/blogapi.module', 'blogapi', 'module', 'Allows users to post content using applications that support XML-RPC blog APIs.', 0, 0, 0, -1, 0);
INSERT INTO `enmass_system` VALUES ('modules/book/book.module', 'book', 'module', 'Allows users to collaboratively author a book.', 0, 0, 0, -1, 0);
INSERT INTO `enmass_system` VALUES ('modules/color/color.module', 'color', 'module', 'Allows the user to change the color scheme of certain themes.', 1, 0, 0, 0, 0);
INSERT INTO `enmass_system` VALUES ('modules/comment/comment.module', 'comment', 'module', 'Allows users to comment on and discuss published content.', 1, 0, 0, 1, 0);
INSERT INTO `enmass_system` VALUES ('modules/contact/contact.module', 'contact', 'module', 'Enables the use of both personal and site-wide contact forms.', 1, 0, 0, 0, 0);
INSERT INTO `enmass_system` VALUES ('modules/drupal/drupal.module', 'drupal', 'module', 'Lets you register your site with a central server and improve ranking of Drupal projects by posting information on your installed modules and themes', 0, 0, 0, -1, 0);
INSERT INTO `enmass_system` VALUES ('modules/filter/filter.module', 'filter', 'module', 'Handles the filtering of content in preparation for display.', 1, 0, 0, 0, 0);
INSERT INTO `enmass_system` VALUES ('modules/forum/forum.module', 'forum', 'module', 'Enables threaded discussions about general topics.', 0, 0, 0, -1, 0);
INSERT INTO `enmass_system` VALUES ('modules/help/help.module', 'help', 'module', 'Manages the display of online help.', 1, 0, 0, 0, 0);
INSERT INTO `enmass_system` VALUES ('modules/legacy/legacy.module', 'legacy', 'module', 'Provides legacy handlers for upgrades from older Drupal installations.', 0, 0, 0, -1, 0);
INSERT INTO `enmass_system` VALUES ('modules/locale/locale.module', 'locale', 'module', 'Enables the translation of the user interface to languages other than English.', 0, 0, 0, -1, 0);
INSERT INTO `enmass_system` VALUES ('modules/menu/menu.module', 'menu', 'module', 'Allows administrators to customize the site navigation menu.', 1, 0, 0, 0, 0);
INSERT INTO `enmass_system` VALUES ('modules/node/node.module', 'node', 'module', 'Allows content to be submitted to the site and displayed on pages.', 1, 0, 0, 0, 0);
INSERT INTO `enmass_system` VALUES ('modules/path/path.module', 'path', 'module', 'Allows users to rename URLs.', 1, 0, 0, 0, 0);
INSERT INTO `enmass_system` VALUES ('modules/ping/ping.module', 'ping', 'module', 'Alerts other sites when your site has been updated.', 0, 0, 0, -1, 0);
INSERT INTO `enmass_system` VALUES ('modules/poll/poll.module', 'poll', 'module', 'Allows your site to capture votes on different topics in the form of multiple choice questions.', 0, 0, 0, -1, 0);
INSERT INTO `enmass_system` VALUES ('modules/profile/profile.module', 'profile', 'module', 'Supports configurable user profiles.', 0, 0, 0, -1, 0);
INSERT INTO `enmass_system` VALUES ('modules/search/search.module', 'search', 'module', 'Enables site-wide keyword searching.', 0, 0, 0, -1, 0);
INSERT INTO `enmass_system` VALUES ('modules/statistics/statistics.module', 'statistics', 'module', 'Logs access statistics for your site.', 0, 0, 0, -1, 0);
INSERT INTO `enmass_system` VALUES ('modules/taxonomy/taxonomy.module', 'taxonomy', 'module', 'Enables the categorization of content.', 1, 0, 0, 0, 0);
INSERT INTO `enmass_system` VALUES ('modules/throttle/throttle.module', 'throttle', 'module', 'Handles the auto-throttling mechanism, to control site congestion.', 0, 0, 0, -1, 0);
INSERT INTO `enmass_system` VALUES ('modules/tracker/tracker.module', 'tracker', 'module', 'Enables tracking of recent posts for users.', 0, 0, 0, -1, 0);
INSERT INTO `enmass_system` VALUES ('modules/upload/upload.module', 'upload', 'module', 'Allows users to upload and attach files to content.', 0, 0, 0, -1, 0);
INSERT INTO `enmass_system` VALUES ('modules/user/user.module', 'user', 'module', 'Manages the user registration and login system.', 1, 0, 0, 0, 0);
INSERT INTO `enmass_system` VALUES ('modules/watchdog/watchdog.module', 'watchdog', 'module', 'Logs and records system events.', 1, 0, 0, 0, 0);
INSERT INTO `enmass_system` VALUES ('sites/default/modules/views/views.module', 'views', 'module', 'The views module creates customized views of node lists.', 1, 0, 0, 16, 10);
INSERT INTO `enmass_system` VALUES ('sites/default/modules/views/views_rss.module', 'views_rss', 'module', 'RSS plugin for the views feed selector argument.', 0, 0, 0, -1, 0);
INSERT INTO `enmass_system` VALUES ('sites/default/modules/views/views_theme_wizard.module', 'views_theme_wizard', 'module', 'The views theme wizard helps create stub theming for views.', 0, 0, 0, -1, 0);
INSERT INTO `enmass_system` VALUES ('sites/default/modules/views/views_ui.module', 'views_ui', 'module', 'The Views UI module allows you to create and edit views.', 1, 0, 0, 0, 0);
INSERT INTO `enmass_system` VALUES ('sites/default/modules/simplenews/simplenews.module', 'simplenews', 'module', 'Send newsletters to subscribed e-mail addresses.', 1, 0, 0, 5000, 0);
INSERT INTO `enmass_system` VALUES ('themes/engines/phptemplate/phptemplate.engine', 'phptemplate', 'theme_engine', '', 1, 0, 0, -1, 0);
INSERT INTO `enmass_system` VALUES ('themes/garland/minnelli/style.css', 'minnelli', 'theme', 'themes/garland/page.tpl.php', 0, 0, 0, -1, 0);
INSERT INTO `enmass_system` VALUES ('sites/default/themes/enmass/page.tpl.php', 'enmass', 'theme', 'themes/engines/phptemplate/phptemplate.engine', 1, 0, 0, -1, 0);
INSERT INTO `enmass_system` VALUES ('themes/chameleon/marvin/style.css', 'marvin', 'theme', 'themes/chameleon/chameleon.theme', 0, 0, 0, -1, 0);
INSERT INTO `enmass_system` VALUES ('themes/pushbutton/page.tpl.php', 'pushbutton', 'theme', 'themes/engines/phptemplate/phptemplate.engine', 0, 0, 0, -1, 0);
INSERT INTO `enmass_system` VALUES ('themes/garland/page.tpl.php', 'garland', 'theme', 'themes/engines/phptemplate/phptemplate.engine', 1, 0, 0, -1, 0);
INSERT INTO `enmass_system` VALUES ('themes/chameleon/chameleon.theme', 'chameleon', 'theme', 'themes/chameleon/chameleon.theme', 0, 0, 0, -1, 0);
INSERT INTO `enmass_system` VALUES ('themes/bluemarine/page.tpl.php', 'bluemarine', 'theme', 'themes/engines/phptemplate/phptemplate.engine', 0, 0, 0, -1, 0);

-- --------------------------------------------------------

-- 
-- Table structure for table `enmass_term_data`
-- 

CREATE TABLE `enmass_term_data` (
  `tid` int(10) unsigned NOT NULL auto_increment,
  `vid` int(10) unsigned NOT NULL default '0',
  `name` varchar(255) NOT NULL default '',
  `description` longtext,
  `weight` tinyint(4) NOT NULL default '0',
  PRIMARY KEY  (`tid`),
  KEY `vid` (`vid`)
)  ;

-- 
-- Dumping data for table `enmass_term_data`
-- 

INSERT INTO `enmass_term_data` VALUES (1, 1, 'ENmass newsletter', '', 0);

-- --------------------------------------------------------

-- 
-- Table structure for table `enmass_term_hierarchy`
-- 

CREATE TABLE `enmass_term_hierarchy` (
  `tid` int(10) unsigned NOT NULL default '0',
  `parent` int(10) unsigned NOT NULL default '0',
  PRIMARY KEY  (`tid`,`parent`),
  KEY `tid` (`tid`),
  KEY `parent` (`parent`)
) ;

-- 
-- Dumping data for table `enmass_term_hierarchy`
-- 

INSERT INTO `enmass_term_hierarchy` VALUES (1, 0);

-- --------------------------------------------------------

-- 
-- Table structure for table `enmass_term_node`
-- 

CREATE TABLE `enmass_term_node` (
  `nid` int(10) unsigned NOT NULL default '0',
  `tid` int(10) unsigned NOT NULL default '0',
  PRIMARY KEY  (`tid`,`nid`),
  KEY `nid` (`nid`),
  KEY `tid` (`tid`)
) ;

-- 
-- Dumping data for table `enmass_term_node`
-- 


-- --------------------------------------------------------

-- 
-- Table structure for table `enmass_term_relation`
-- 

CREATE TABLE `enmass_term_relation` (
  `tid1` int(10) unsigned NOT NULL default '0',
  `tid2` int(10) unsigned NOT NULL default '0',
  KEY `tid1` (`tid1`),
  KEY `tid2` (`tid2`)
) ;

-- 
-- Dumping data for table `enmass_term_relation`
-- 


-- --------------------------------------------------------

-- 
-- Table structure for table `enmass_term_synonym`
-- 

CREATE TABLE `enmass_term_synonym` (
  `tid` int(10) unsigned NOT NULL default '0',
  `name` varchar(255) NOT NULL default '',
  KEY `tid` (`tid`),
  KEY `name` (`name`(3))
) ;

-- 
-- Dumping data for table `enmass_term_synonym`
-- 


-- --------------------------------------------------------

-- 
-- Table structure for table `enmass_url_alias`
-- 

CREATE TABLE `enmass_url_alias` (
  `pid` int(10) unsigned NOT NULL auto_increment,
  `src` varchar(128) NOT NULL default '',
  `dst` varchar(128) NOT NULL default '',
  PRIMARY KEY  (`pid`),
  UNIQUE KEY `dst` (`dst`),
  KEY `src` (`src`)
) ;

-- 
-- Dumping data for table `enmass_url_alias`
-- 

INSERT INTO `enmass_url_alias` VALUES (1, 'node/2', 'music');
INSERT INTO `enmass_url_alias` VALUES (2, 'node/3', 'bio');

-- --------------------------------------------------------

-- 
-- Table structure for table `enmass_users`
-- 

CREATE TABLE `enmass_users` (
  `uid` int(10) unsigned NOT NULL default '0',
  `name` varchar(60) NOT NULL default '',
  `pass` varchar(32) NOT NULL default '',
  `mail` varchar(64) default '',
  `mode` tinyint(4) NOT NULL default '0',
  `sort` tinyint(4) default '0',
  `threshold` tinyint(4) default '0',
  `theme` varchar(255) NOT NULL default '',
  `signature` varchar(255) NOT NULL default '',
  `created` int(11) NOT NULL default '0',
  `access` int(11) NOT NULL default '0',
  `login` int(11) NOT NULL default '0',
  `status` tinyint(4) NOT NULL default '0',
  `timezone` varchar(8) default NULL,
  `language` varchar(12) NOT NULL default '',
  `picture` varchar(255) NOT NULL default '',
  `init` varchar(64) default '',
  `data` longtext,
  PRIMARY KEY  (`uid`),
  UNIQUE KEY `name` (`name`),
  KEY `created` (`created`),
  KEY `access` (`access`)
) ;

-- 
-- Dumping data for table `enmass_users`
-- 

INSERT INTO `enmass_users` VALUES (0, '', '', '', 0, 0, 0, '', '', 0, 0, 0, 0, NULL, '', '', '', NULL);
INSERT INTO `enmass_users` VALUES (1, 'Administrator', '21232f297a57a5a743894a0e4a801fc3', 'robloach+enmass@gmail.com', 0, 0, 0, '', '', 1202445140, 1202450031, 0, 1, '0', '', '', 'robloach+enmass@gmail.com', 'a:0:{}');
INSERT INTO `enmass_users` VALUES (2, 'David Akermanis', '172522ec1028ab781d9dfd17eaca4427', 'david@akermanis.com', 0, 0, 0, '', '', 1202449627, 1202449627, 0, 1, NULL, '', '', 'david@akermanis.com', 'a:1:{s:7:"contact";i:0;}');

-- --------------------------------------------------------

-- 
-- Table structure for table `enmass_users_roles`
-- 

CREATE TABLE `enmass_users_roles` (
  `uid` int(10) unsigned NOT NULL default '0',
  `rid` int(10) unsigned NOT NULL default '0',
  PRIMARY KEY  (`uid`,`rid`)
) ;

-- 
-- Dumping data for table `enmass_users_roles`
-- 

INSERT INTO `enmass_users_roles` VALUES (2, 3);

-- --------------------------------------------------------

-- 
-- Table structure for table `enmass_variable`
-- 

CREATE TABLE `enmass_variable` (
  `name` varchar(48) NOT NULL default '',
  `value` longtext NOT NULL,
  PRIMARY KEY  (`name`)
) ;

-- 
-- Dumping data for table `enmass_variable`
-- 

INSERT INTO `enmass_variable` VALUES ('theme_default', 's:6:"enmass";');
INSERT INTO `enmass_variable` VALUES ('filter_html_1', 'i:1;');
INSERT INTO `enmass_variable` VALUES ('node_options_forum', 'a:1:{i:0;s:6:"status";}');
INSERT INTO `enmass_variable` VALUES ('menu_primary_menu', 'i:2;');
INSERT INTO `enmass_variable` VALUES ('menu_secondary_menu', 'i:2;');
INSERT INTO `enmass_variable` VALUES ('install_profile', 's:7:"default";');
INSERT INTO `enmass_variable` VALUES ('node_options_page', 'a:1:{i:0;s:6:"status";}');
INSERT INTO `enmass_variable` VALUES ('comment_page', 'i:0;');
INSERT INTO `enmass_variable` VALUES ('theme_settings', 'a:1:{s:21:"toggle_node_info_page";b:0;}');
INSERT INTO `enmass_variable` VALUES ('drupal_private_key', 's:64:"4f6fa2f1809cb35d01aa759e8f76a3b38049acfbd88b8583797a2303ac6a443b";');
INSERT INTO `enmass_variable` VALUES ('cron_last', 'i:1202445225;');
INSERT INTO `enmass_variable` VALUES ('file_directory_temp', 's:12:"D:\\xampp\\tmp";');
INSERT INTO `enmass_variable` VALUES ('file_directory_path', 's:19:"sites/default/files";');
INSERT INTO `enmass_variable` VALUES ('file_downloads', 's:1:"1";');
INSERT INTO `enmass_variable` VALUES ('site_name', 's:6:"ENmass";');
INSERT INTO `enmass_variable` VALUES ('site_mail', 's:25:"robloach+enmass@gmail.com";');
INSERT INTO `enmass_variable` VALUES ('site_slogan', 's:0:"";');
INSERT INTO `enmass_variable` VALUES ('site_mission', 's:0:"";');
INSERT INTO `enmass_variable` VALUES ('site_footer', 's:0:"";');
INSERT INTO `enmass_variable` VALUES ('anonymous', 's:5:"Guest";');
INSERT INTO `enmass_variable` VALUES ('site_frontpage', 's:4:"node";');
INSERT INTO `enmass_variable` VALUES ('contact_form_information', 's:53:"You can leave a message using the contact form below.";');
INSERT INTO `enmass_variable` VALUES ('contact_hourly_threshold', 's:1:"3";');
INSERT INTO `enmass_variable` VALUES ('contact_default_status', 'i:0;');
INSERT INTO `enmass_variable` VALUES ('simplenews_vid', 'i:1;');
INSERT INTO `enmass_variable` VALUES ('simplenews_block_m_status_1', 'i:1;');
INSERT INTO `enmass_variable` VALUES ('simplenews_block_m_1', 's:0:"";');
INSERT INTO `enmass_variable` VALUES ('simplenews_block_f_1', 'i:1;');
INSERT INTO `enmass_variable` VALUES ('simplenews_block_l_1', 'i:1;');
INSERT INTO `enmass_variable` VALUES ('simplenews_block_i_status_1', 'i:0;');
INSERT INTO `enmass_variable` VALUES ('simplenews_block_i_1', 's:1:"5";');
INSERT INTO `enmass_variable` VALUES ('simplenews_block_r_1', 'i:1;');
INSERT INTO `enmass_variable` VALUES ('admin_theme', 's:7:"garland";');

-- --------------------------------------------------------

-- 
-- Table structure for table `enmass_view_argument`
-- 

CREATE TABLE `enmass_view_argument` (
  `vid` int(10) unsigned NOT NULL default '0',
  `type` varchar(255) default NULL,
  `argdefault` varchar(255) default NULL,
  `title` varchar(255) default NULL,
  `options` varchar(255) default NULL,
  `position` int(2) default NULL,
  `wildcard` varchar(32) default NULL,
  `wildcard_substitution` varchar(32) default NULL,
  KEY `vid` (`vid`)
) ;

-- 
-- Dumping data for table `enmass_view_argument`
-- 


-- --------------------------------------------------------

-- 
-- Table structure for table `enmass_view_exposed_filter`
-- 

CREATE TABLE `enmass_view_exposed_filter` (
  `vid` int(10) unsigned NOT NULL default '0',
  `field` varchar(255) default NULL,
  `label` varchar(255) default NULL,
  `optional` int(1) default NULL,
  `is_default` int(1) default NULL,
  `operator` int(1) default NULL,
  `single` int(1) default NULL,
  `position` int(2) default NULL,
  KEY `vid` (`vid`)
) ;

-- 
-- Dumping data for table `enmass_view_exposed_filter`
-- 


-- --------------------------------------------------------

-- 
-- Table structure for table `enmass_view_filter`
-- 

CREATE TABLE `enmass_view_filter` (
  `vid` int(10) unsigned NOT NULL default '0',
  `tablename` varchar(255) default NULL,
  `field` varchar(255) default NULL,
  `value` longtext,
  `operator` varchar(20) default NULL,
  `options` varchar(255) default NULL,
  `position` int(2) default NULL,
  KEY `vid` (`vid`)
) ;

-- 
-- Dumping data for table `enmass_view_filter`
-- 


-- --------------------------------------------------------

-- 
-- Table structure for table `enmass_view_sort`
-- 

CREATE TABLE `enmass_view_sort` (
  `vid` int(10) unsigned NOT NULL default '0',
  `position` int(2) default NULL,
  `field` varchar(255) default NULL,
  `sortorder` varchar(5) default NULL,
  `options` varchar(255) default NULL,
  `tablename` varchar(255) default NULL,
  KEY `vid` (`vid`)
) ;

-- 
-- Dumping data for table `enmass_view_sort`
-- 


-- --------------------------------------------------------

-- 
-- Table structure for table `enmass_view_tablefield`
-- 

CREATE TABLE `enmass_view_tablefield` (
  `vid` int(10) unsigned NOT NULL default '0',
  `tablename` varchar(255) default NULL,
  `field` varchar(255) default NULL,
  `label` varchar(255) default NULL,
  `handler` varchar(255) default NULL,
  `sortable` int(1) default NULL,
  `defaultsort` varchar(5) default NULL,
  `options` varchar(255) default NULL,
  `position` int(2) default NULL,
  KEY `vid` (`vid`)
) ;

-- 
-- Dumping data for table `enmass_view_tablefield`
-- 


-- --------------------------------------------------------

-- 
-- Table structure for table `enmass_view_view`
-- 

CREATE TABLE `enmass_view_view` (
  `vid` int(10) unsigned NOT NULL default '0',
  `name` varchar(32) NOT NULL,
  `description` varchar(255) default NULL,
  `access` varchar(255) default NULL,
  `page` int(1) default NULL,
  `page_title` varchar(255) default NULL,
  `page_header` longtext,
  `page_header_format` int(4) NOT NULL,
  `page_empty` longtext,
  `page_empty_format` int(4) NOT NULL,
  `page_footer` longtext,
  `page_footer_format` int(4) NOT NULL,
  `page_type` varchar(20) default NULL,
  `use_pager` int(1) default NULL,
  `nodes_per_page` int(5) default NULL,
  `url` varchar(255) default NULL,
  `menu` int(1) default NULL,
  `menu_tab` int(1) default NULL,
  `menu_tab_weight` int(4) default NULL,
  `menu_title` varchar(255) default NULL,
  `menu_tab_default` int(1) default NULL,
  `menu_tab_default_parent_type` varchar(10) default NULL,
  `menu_parent_title` varchar(255) default NULL,
  `menu_parent_tab_weight` int(4) default NULL,
  `block` int(1) default NULL,
  `block_title` varchar(255) default NULL,
  `block_use_page_header` int(1) default NULL,
  `block_header` longtext,
  `block_header_format` int(4) NOT NULL,
  `block_use_page_footer` int(1) default NULL,
  `block_footer` longtext,
  `block_footer_format` int(4) NOT NULL,
  `block_use_page_empty` int(1) default NULL,
  `block_empty` longtext,
  `block_empty_format` int(4) NOT NULL,
  `block_type` varchar(20) default NULL,
  `nodes_per_block` int(5) default NULL,
  `block_more` int(1) default NULL,
  `breadcrumb_no_home` int(1) default NULL,
  `changed` int(11) default NULL,
  `view_args_php` longtext,
  `is_cacheable` int(1) default NULL,
  PRIMARY KEY  (`vid`),
  UNIQUE KEY `name` (`name`),
  KEY `name_2` (`name`)
) ;

-- 
-- Dumping data for table `enmass_view_view`
-- 


-- --------------------------------------------------------

-- 
-- Table structure for table `enmass_vocabulary`
-- 

CREATE TABLE `enmass_vocabulary` (
  `vid` int(10) unsigned NOT NULL auto_increment,
  `name` varchar(255) NOT NULL default '',
  `description` longtext,
  `help` varchar(255) NOT NULL default '',
  `relations` tinyint(3) unsigned NOT NULL default '0',
  `hierarchy` tinyint(3) unsigned NOT NULL default '0',
  `multiple` tinyint(3) unsigned NOT NULL default '0',
  `required` tinyint(3) unsigned NOT NULL default '0',
  `tags` tinyint(3) unsigned NOT NULL default '0',
  `module` varchar(255) NOT NULL default '',
  `weight` tinyint(4) NOT NULL default '0',
  PRIMARY KEY  (`vid`)
)  ;

-- 
-- Dumping data for table `enmass_vocabulary`
-- 

INSERT INTO `enmass_vocabulary` VALUES (1, 'Newsletter', '', '', 0, 0, 0, 0, 0, 'simplenews', 0);

-- --------------------------------------------------------

-- 
-- Table structure for table `enmass_vocabulary_node_types`
-- 

CREATE TABLE `enmass_vocabulary_node_types` (
  `vid` int(10) unsigned NOT NULL default '0',
  `type` varchar(32) NOT NULL default '',
  PRIMARY KEY  (`vid`,`type`)
) ;

-- 
-- Dumping data for table `enmass_vocabulary_node_types`
-- 

INSERT INTO `enmass_vocabulary_node_types` VALUES (1, 'simplenews');

-- --------------------------------------------------------

-- 
-- Table structure for table `enmass_watchdog`
-- 

CREATE TABLE `enmass_watchdog` (
  `wid` int(11) NOT NULL auto_increment,
  `uid` int(11) NOT NULL default '0',
  `type` varchar(16) NOT NULL default '',
  `message` longtext NOT NULL,
  `severity` tinyint(3) unsigned NOT NULL default '0',
  `link` varchar(255) NOT NULL default '',
  `location` text NOT NULL,
  `referer` varchar(128) NOT NULL default '',
  `hostname` varchar(128) NOT NULL default '',
  `timestamp` int(11) NOT NULL default '0',
  PRIMARY KEY  (`wid`),
  KEY `type` (`type`)
)  ;
